30 - 6, -2*x + k*n = -28. Calculate the greatest common divisor of x and 32.
16
Suppose 2*c = 2*r, 0 = r - 0*c - 3*c + 4. Suppose 3*q - 3*n - 24 = 0, r*q - 5*n = -2*q + 31. Calculate the greatest common factor of q and 9.
9
Let v(d) = -d**3 + 23*d**2 + 3*d - 35. Let w be v(23). What is the greatest common factor of 68 and w?
34
Let i(f) = f + 4. Let z(c) = -3*c - 11. Let b(s) = 17*i(s) + 6*z(s). Let a be b(-10). What is the highest common divisor of a and 84?
12
Suppose 3*r + 2*z - 54 = 0, 63 = 3*r + 4*z + 15. What is the greatest common factor of r and 20?
20
Let y(m) = m**2 - 5*m - 3. Let f be y(-6). Let h(w) = -w**2 + 27*w - 65. Let o be h(24). What is the greatest common divisor of f and o?
7
Let t(u) = -4*u - 8. Let v be t(-11). What is the greatest common factor of v and 12?
12
Let h be 38/3 + (-1)/15*-5. Calculate the highest common divisor of h and 65.
13
Let p be 200 - (2 + 0)/2. Suppose -p = -4*m - 7. Suppose 3*j - 10*j = -84. What is the highest common factor of j and m?
12
Let y = -99 + 154. Let p = y + -33. Calculate the highest common divisor of p and 55.
11
Let y(j) = -j**3 - 19*j**2 - 22*j + 27. Let p be y(-18). Calculate the highest common divisor of p and 9.
9
Let o be 1 - 13/11 - (-464)/11. Calculate the highest common divisor of 63 and o.
21
Let g = -11 - -11. Suppose -4*t + 96 = -g*t. Calculate the greatest common factor of 6 and t.
6
Let n = 19 - 15. Suppose -3*i + 41 = n*z, 0*z + 9 = z + 2*i. What is the greatest common divisor of z and 33?
11
Let r = -25 + 50. Let b = -14 + 24. Calculate the highest common factor of r and b.
5
Suppose 1642 = 12*q + 322. What is the greatest common divisor of 44 and q?
22
Let q be 40/(-30) + 31/3. What is the greatest common divisor of 36 and q?
9
Let p(f) = f - 3. Let u be p(5). Suppose -w + 14 = -3*x, w + 8 = -u*w - x. Let a be ((-14)/6)/(w/33). What is the highest common divisor of 7 and a?
7
Let b(h) = -h + 7. Let s be b(-6). What is the greatest common factor of 13 and s?
13
Let f = 5 - -1. Let a be (-2)/(-3) + 61/3. Let b = a - f. Calculate the highest common divisor of b and 165.
15
Let a be 13 + 5 + 0 + 3. Suppose 5*d - 543 - 612 = 0. What is the highest common factor of a and d?
21
Suppose -504 = -4*h + h. Let q be h/(-9)*6/(-4). Let f(k) = -5*k - 1. Let v be f(-3). Calculate the greatest common divisor of q and v.
14
Suppose -3*p + 15 = 0, 2*p = -o - o + 58. What is the greatest common factor of 132 and o?
12
Let n be (-8)/76 + (-6464)/(-38). What is the greatest common divisor of 34 and n?
34
Let s = 95 + -91. Calculate the highest common divisor of 12 and s.
4
Let h = 91 - 8. Suppose -4*r + h = -97. Suppose v - 54 = -2*v. Calculate the greatest common divisor of r and v.
9
Suppose -23 - 147 = -5*a. What is the greatest common factor of a and 136?
34
Suppose -66 - 15 = -p. Let z = -12 - -21. Calculate the greatest common factor of z and p.
9
Let g be 2 - (-2 + 3)/1. Let p be 1*(0 + g + 0). Let d be (3 + 0)*p/3. Calculate the greatest common divisor of d and 7.
1
Suppose 0 = 67*q - 70*q + 6. What is the highest common divisor of 14 and q?
2
Let d be -6 - 104/(-18) - (-542)/9. What is the highest common divisor of d and 90?
30
Suppose 0 = 2*c - 95 - 79. Calculate the highest common factor of c and 29.
29
Suppose 112 + 23 = 5*j. Let i = 49 - j. Let y(z) = -z**3 + 7*z**2 + 3*z - 10. Let q be y(7). What is the highest common factor of q and i?
11
Suppose -3*n = -3*x + 93, 46 - 3 = x - 4*n. Calculate the highest common factor of 18 and x.
9
Suppose n + 3*n - 12 = 0. Suppose n*a - 12 = a. Calculate the greatest common factor of a and 42.
6
Suppose 0 = 2*r - 0*r. Suppose -3*p + 2*p + 3*z + 32 = r, 0 = 2*p + z - 50. Let n be -6 - (-4 - -1) - -42. Calculate the greatest common factor of n and p.
13
Let z(v) = 109*v**2 - 1. Let y be z(-1). Let g(c) = -c**3 + 9*c**2 + 12. Let r be g(9). What is the highest common factor of r and y?
12
Suppose -2*x = -2 - 4. Suppose j + 28 = x*a - 0*j, 2*j - 43 = -3*a. Calculate the highest common divisor of a and 11.
11
Suppose f - 8 = 4*j - 2, -5*f + 13 = -3*j. Suppose 0 = -4*i - 5*y + 61, y + 31 = -f*i + 6*i. Calculate the greatest common factor of 63 and i.
9
Let r = -24 - -27. Let z(f) = 25*f - 3. Let l be z(r). Calculate the greatest common divisor of l and 8.
8
Let b be (-2)/((-3)/(-3 - -57)). Suppose -3*r = -6*r + b. Let m(y) = 3*y**2. Let j be m(2). What is the highest common divisor of r and j?
12
Suppose 0 = x + 3*n - 20, -5*n + 3 = -2. What is the greatest common factor of x and 85?
17
Let z(d) = -61*d - 7. Let a be z(-2). Calculate the highest common factor of 46 and a.
23
Let n = -33 + 67. Let k(o) = o**3 + 7*o**2 + 8*o + 7. Suppose w + 2 = -3. Let u be k(w). What is the greatest common divisor of u and n?
17
Let n be (-1)/(((-2)/(-1))/(-130)). Let o = 57 + -31. Calculate the highest common factor of o and n.
13
Let t = 49 + 5. What is the highest common divisor of 6 and t?
6
Let k = 3 + 11. What is the greatest common divisor of 21 and k?
7
Suppose 0 = -3*d + 2*d + 17. Let x = d - 4. What is the greatest common divisor of x and 104?
13
Let d = -2 + 4. Let b be d/(-6) - (-12)/9. Calculate the highest common factor of 2 and b.
1
Let t be -2 - (-23 + -1) - -2. Let i(j) = 7*j**2 - 4. Let l be i(2). Calculate the greatest common factor of t and l.
24
Suppose -4*v + 105 = v. Calculate the greatest common divisor of v and 42.
21
Let f = 5 - -21. What is the highest common divisor of f and 13?
13
Suppose 0 = -r - 2*w + 9 + 13, 0 = 3*w - 6. Let v = r + -2. Calculate the greatest common divisor of v and 80.
16
Let d(c) = -7*c + 1. Let a be d(-14). What is the highest common factor of a and 11?
11
Let h = 1 + -1. Let o be 42*(4 + h + -3). What is the greatest common divisor of 6 and o?
6
Suppose 0 = -2*m - 0*z + 3*z + 5, 4*m = -z + 17. Calculate the highest common divisor of 18 and m.
2
Suppose 540 = 5*y - 4*i, 4*y + 4*i - 356 = y. Let r = 82 + -51. Let w = r + -17. Calculate the greatest common factor of w and y.
14
Let w = -17 + 24. Let t = w + 4. Calculate the greatest common factor of t and 44.
11
Let r(l) = 2*l**2 - 3*l + l**2 - 4*l**2 - 7*l - 4. Let z be r(-8). What is the highest common factor of 30 and z?
6
Let h = 552 + -376. Calculate the highest common factor of h and 22.
22
Let c = -1 + 3. Let j be -2 - 2 - 3*35/(-15). What is the highest common factor of c and j?
1
Suppose -3*p + 0*p - 51 = 0. Let k = p - -10. Let v(f) = -f**2 - 10*f - 9. Let w be v(k). What is the greatest common divisor of w and 24?
12
Let g be 4 + -8*(4 + -5). Calculate the greatest common divisor of 3 and g.
3
Let y(b) = -b - 6. Let h be y(-9). Suppose -3 = 4*k - 5*k. Suppose 2 = -k*r - c - h*c, -3*r - c + 13 = 0. What is the highest common factor of 2 and r?
2
Suppose -j = -3*j, -2*f - 2*j = -22. Calculate the highest common factor of f and 77.
11
Suppose 0 = -2*i + 3*g + 5 + 53, 0 = i - g - 30. What is the greatest common factor of i and 8?
8
Let q be (399/18 - 8/12)*10. Calculate the greatest common factor of q and 86.
43
Suppose 2*l + l - 26 = -q, 4*l - 3*q = 26. Let x be 120/l + (1 - 5). Calculate the highest common divisor of x and 33.
11
Suppose 0 = 5*g - 2*t - 92, -2*g + 91 = 3*g - t. Let r = -3 + g. Calculate the highest common factor of r and 10.
5
Let y(s) = -s**3 + 8*s**2 - 2*s + 18. Let d be y(8). What is the greatest common factor of d and 14?
2
Suppose -3*a + 118 = -26. Let g = -9 - -15. What is the greatest common divisor of g and a?
6
Suppose -2*q - q + 264 = 0. What is the highest common factor of q and 8?
8
Let x be -15*((-5)/3 - -1). Let b(k) = -2*k + 2*k + k**2 + 2*k + 0*k - 3. Let a be b(-4). Calculate the greatest common factor of a and x.
5
Suppose 2*i - 7*i = -50. Let n be 3/6*-2 - -12. Let v be n + (1 - 4) - -2. Calculate the highest common divisor of v and i.
10
Suppose -1 = -v + 3*t, -3*t - 2*t + 21 = 4*v. Let b = v + 7. Calculate the highest common divisor of 77 and b.
11
Let r = 9 + -9. Suppose -s = -r - 5. Calculate the highest common divisor of s and 15.
5
Let c be 1668/16 + 1/(-4). Calculate the highest common factor of 26 and c.
26
Let v(l) = -l + 6. Let m be v(5). Let g = -5 - -8. Suppose g*r = -m + 73. Calculate the highest common divisor of 60 and r.
12
Let q = 220 + -136. What is the greatest common divisor of 56 and q?
28
Let